4 and 21?
21
Calculate the highest common factor of 93715 and 5.
5
What is the greatest common divisor of 25 and 59930?
5
What is the highest common factor of 256 and 9248?
32
Calculate the greatest common factor of 1281626 and 95.
19
What is the highest common factor of 17991 and 117?
9
What is the highest common factor of 15 and 2178405?
15
What is the highest common factor of 49 and 792379?
49
Calculate the highest common factor of 60228 and 56.
28
Calculate the greatest common factor of 1676112 and 288.
48
Calculate the highest common divisor of 552 and 2256576.
552
What is the greatest common factor of 4128 and 8127?
129
What is the greatest common factor of 34867 and 1309?
119
What is the highest common divisor of 344480 and 160?
160
What is the greatest common divisor of 215655 and 10?
5
Calculate the highest common factor of 201 and 86631.
201
Calculate the highest common divisor of 1566 and 17748.
522
Calculate the highest common divisor of 2578 and 1973459.
1289
What is the highest common divisor of 30 and 7070970?
30
Calculate the highest common divisor of 14 and 7091203.
7
Calculate the highest common factor of 132107 and 1615.
323
What is the highest common divisor of 18 and 164952?
18
Calculate the greatest common divisor of 1122 and 25058.
374
What is the greatest common divisor of 35602 and 210?
14
What is the highest common divisor of 1188 and 11484?
396
What is the greatest common divisor of 326 and 11696228?
326
Calculate the greatest common factor of 11763 and 93.
3
What is the highest common factor of 45 and 29955?
15
Calculate the highest common factor of 102 and 60843.
51
What is the highest common factor of 44000 and 20400?
400
Calculate the highest common factor of 47130 and 795.
15
Calculate the highest common divisor of 1683 and 56331.
99
Calculate the highest common divisor of 26 and 841802.
26
Calculate the highest common factor of 959098 and 35.
7
Calculate the highest common factor of 24662 and 99.
11
What is the greatest common divisor of 2361 and 86570?
787
What is the highest common divisor of 10480 and 314662?
262
What is the highest common factor of 14 and 38507?
7
Calculate the highest common divisor of 342 and 3330.
18
Calculate the highest common divisor of 176 and 16654.
22
Calculate the highest common factor of 70 and 720.
10
Calculate the greatest common factor of 17862 and 182.
26
Calculate the highest common factor of 1027 and 3792.
79
What is the highest common divisor of 2499 and 5950?
119
What is the highest common divisor of 135 and 2166453?
27
Calculate the greatest common factor of 623 and 3353.
7
Calculate the greatest common divisor of 119 and 1279131.
119
What is the greatest common divisor of 276 and 47268?
12
What is the greatest common divisor of 60973 and 253?
253
What is the highest common divisor of 3801005 and 65?
65
Calculate the greatest common divisor of 122103 and 9.
9
What is the greatest common factor of 18219 and 246?
3
Calculate the highest common factor of 1467 and 70905.
489
Calculate the highest common divisor of 162 and 1620072.
18
Calculate the greatest common divisor of 5207 and 1517.
41
Calculate the greatest common divisor of 60613 and 98.
49
Calculate the greatest common factor of 48482 and 1722.
14
What is the highest common factor of 2170 and 42160?
310
Calculate the greatest common factor of 21472 and 132.
44
Calculate the highest common factor of 490 and 4663820.
490
Calculate the greatest common factor of 1080 and 16056.
72
Calculate the highest common divisor of 5957 and 4025.
161
Calculate the greatest common factor of 14031 and 108.
9
What is the highest common divisor of 826735 and 910?
455
Calculate the greatest common divisor of 181450 and 75050.
950
Calculate the highest common divisor of 26988 and 186148.
692
Calculate the greatest common divisor of 1490892 and 10563.
1509
Calculate the highest common divisor of 45500 and 11284.
364
Calculate the greatest common divisor of 455 and 197301.
13
What is the greatest common factor of 8 and 424856?
8
Calculate the highest common divisor of 1105 and 72605.
65
Calculate the highest common divisor of 1922 and 1054.
62
What is the highest common divisor of 59792 and 1776?
592
Calculate the greatest common divisor of 52930 and 36850.
670
What is the highest common divisor of 295 and 2885?
5
What is the highest common divisor of 1256634 and 378?
54
Calculate the greatest common factor of 10156 and 12.
4
Calculate the greatest common divisor of 3920 and 222960.
80
What is the highest common divisor of 148 and 239908?
148
What is the highest common divisor of 740 and 152?
4
What is the greatest common factor of 102 and 262684?
34
Calculate the highest common factor of 33 and 869671.
11
Calculate the greatest common factor of 2062631 and 617.
617
Calculate the highest common divisor of 119700 and 36480.
1140
What is the highest common factor of 85 and 1533145?
85
What is the highest common factor of 599 and 628351?
599
What is the highest common factor of 11896 and 6?
2
What is the highest common factor of 1248 and 15717?
39
What is the highest common factor of 54 and 33993?
27
What is the greatest common factor of 490526 and 472?
118
Calculate the highest common divisor of 2322 and 10152.
54
Calculate the highest common divisor of 64876 and 993.
331
Calculate the highest common factor of 897 and 314249.
299
What is the highest common factor of 2475 and 189?
9
What is the greatest common divisor of 6846 and 462?
42
What is the greatest common factor of 472584 and 65772?
2436
What is the greatest common factor of 86650 and 3450?
50
What is the greatest common factor of 346 and 314687?
173
Calculate the highest common factor of 515 and 335.
5
Calculate the highest common divisor of 567622 and 638.
22
What is the greatest common divisor of 13662 and 175230?
594
Calculate the highest common divisor of 391720 and 560.
280
Calculate the greatest common factor of 3251109 and 114.
57
What is the greatest common factor of 23590 and 40?
10
What is the highest common divisor of 101918 and 6224?
778
What is the greatest common factor of 6224 and 42?
2
Calculate the highest common factor of 249 and 564815.
83
What is the greatest common factor of 11398 and 5560?
278
What is the highest common divisor of 15965 and 309?
103
Calculate the highest common factor of 752464 and 16.
16
What is the greatest common factor of 56 and 97958?
14
Calculate the greatest common divisor of 234 and 645606.
234
Calculate the highest common factor of 10056 and 48.
24
Calculate the highest common factor of 298350 and 216.
54
Calculate the highest common divisor of 28 and 171143.
7
Calculate the highest common factor of 3374 and 1246.
14
What is the highest common factor of 364 and 65338?
182
What is the greatest common factor of 179556 and 26?
26
Calculate the highest common divisor of 5963 and 1407.
67
What is the greatest common divisor of 9966 and 3171?
453
What is the highest common divisor of 39 and 121?
1
What is the highest common factor of 1622545 and 22087?
1699
What is the highest common divisor of 21 and 997413?
3
What is the greatest common divisor of 2790 and 2682?
18
What is the greatest common factor of 46088 and 3752?
56
What is the highest common factor of 12638 and 1958?
178
Calculate the greatest common factor of 2368 and 35964.
148
Calculate the greatest common divisor of 30675 and 25.
25
Calculate the highest common divisor of 113730 and 34.
34
Calculate the greatest common factor of 224 and 582274.
14
Calculate the greatest common divisor of 99 and 441.
9
What is the greatest common factor of 5265201 and 1033?
1033
Calculate the highest common divisor of 10936 and 56.
8
What is the highest common divisor of 138 and 278?
2
Calculate the greatest common divisor of 172 and 13292.
4
Calculate the greatest common divisor of 103 and 4691341.
103
Calculate the greatest common factor of 156730 and 210.
70
What is the greatest common factor of 1856 and 32944?
464
What is the greatest common divisor of 19182 and 92?
46
What is the highest common factor of 540 and 38820?
60
Calculate the greatest common factor of 4 and 26618.
2
What is the greatest common factor of 3484 and 15946?
134
Calculate the highest common factor of 2363 and 4309.
